23
In base 3, what is -11 + 2110?
2022
In base 14, what is a + 74?
80
In base 5, what is -10 - -4143?
4133
In base 11, what is 0 + -41a?
-41a
In base 10, what is -16 - -21?
5
In base 4, what is 2 - -1130?
1132
In base 7, what is -3 + -13?
-16
In base 6, what is 45 + 142?
231
In base 7, what is -1 - -414?
413
In base 13, what is -c5 + 8?
-ba
In base 3, what is 12 + -12000002?
-11222220
In base 8, what is 2 - 2216?
-2214
In base 6, what is 4 + 2015?
2023
In base 15, what is 2 + 8d?
90
In base 8, what is 3 + 500?
503
In base 8, what is -111 - 5?
-116
In base 9, what is -7 + 358?
351
In base 16, what is 5aac - 1?
5aab
In base 7, what is 504 - 3?
501
In base 4, what is -221110 + 10?
-221100
In base 2, what is -11 + 10001?
1110
In base 9, what is 3 - -45?
48
In base 7, what is -340 - 32?
-402
In base 10, what is 10 + 448?
458
In base 3, what is 2 - 1202?
-1200
In base 4, what is 201 - -11?
212
In base 10, what is -43 - 8?
-51
In base 4, what is -203012 + -3?
-203021
In base 16, what is 145 + -5?
140
In base 6, what is 1 + 1?
2
In base 15, what is -10 - 883?
-893
In base 15, what is -1b + 4a?
2e
In base 6, what is 25 - -513?
542
In base 6, what is -11 - 3404?
-3415
In base 16, what is -7 - 2f?
-36
In base 10, what is -67 - 162?
-229
In base 15, what is 1 - -35?
36
In base 15, what is -5 + -2e?
-34
In base 2, what is 10101011000 - -100?
10101011100
In base 10, what is -179 + -2?
-181
In base 7, what is -510 + -2?
-512
In base 3, what is -100120 - -2?
-100111
In base 6, what is 110 + 0?
110
In base 7, what is -4 + 65?
61
In base 10, what is 17 - -5?
22
In base 2, what is 10001 + 1110?
11111
In base 6, what is -321 + -21?
-342
In base 3, what is -120200121 + 2?
-120200112
In base 11, what is 5 - 146?
-141
In base 11, what is 13 - 6?
8
In base 5, what is -12 - -10100?
10033
In base 8, what is -32 + 174?
142
In base 15, what is 1337 - -2?
1339
In base 2, what is 11 + -10011010?
-10010111
In base 8, what is 11 + -151?
-140
In base 16, what is -2 - 6b3?
-6b5
In base 12, what is -10283 - 4?
-10287
In base 13, what is -86 - 13?
-99
In base 13, what is 2 + 8c?
91
In base 8, what is 6 + -203?
-175
In base 10, what is 4 - -4041?
4045
In base 14, what is -11 + -1?
-12
In base 10, what is 1388 - 5?
1383
In base 11, what is 9 - 539?
-530
In base 3, what is 110022001 - 2?
110021222
In base 13, what is -2a - 5?
-32
In base 14, what is 5d + -16?
47
In base 11, what is -123 - -11?
-112
In base 10, what is 14 + 2336?
2350
In base 7, what is -5 + 61?
53
In base 7, what is 25 + 3?
31
In base 16, what is -1 + -80?
-81
In base 12, what is -947 - 4?
-94b
In base 5, what is 111 - 110?
1
In base 12, what is 5 - 15?
-10
In base 9, what is 4 + 1443?
1447
In base 13, what is 184 - -4?
188
In base 6, what is -242 - -10?
-232
In base 8, what is 1 + -11543?
-11542
In base 3, what is -20021100 + -1?
-20021101
In base 12, what is 9 + 2?
b
In base 3, what is 22 - -1?
100
In base 5, what is -133 - -2231?
2043
In base 3, what is -20 - -222?
202
In base 5, what is 10002 - 3?
4444
In base 8, what is 24503 + 1?
24504
In base 8, what is 72 - -43?
135
In base 4, what is -302 - -2?
-300
In base 6, what is 23 + -1?
22
In base 2, what is 11 - -11010001?
11010100
In base 12, what is 6 + -1a7?
-1a1
In base 11, what is -3 - 5?
-8
In base 2, what is -11100010100 - 0?
-11100010100
In base 14, what is -7 + -9?
-12
In base 10, what is 2 + 594?
596
In base 2, what is -101 - 100101?
-101010
In base 16, what is 195 + -4?
191
In base 2, what is 1010010000 - 11?
1010001101
In base 7, what is -3210 + 0?
-3210
In base 8, what is 1 + 241?
242
In base 3, what is 102 + -1221?
-1112
In base 11, what is 0 - 498?
-498
In base 6, what is -43 - -535?
452
In base 13, what is 4 + -2b?
-27
In base 8, what is 4 + -156?
-152
In base 3, what is 11111100 + 21?
11111121
In base 9, what is -7 + -50?
-57
In base 2, what is -1 - -10011?
10010
In base 2, what is -100110 - 1010?
-110000
In base 4, what is 2 + -12230?
-12222
In base 10, what is 1168 + 2?
1170
In base 11, what is -4279 + 5?
-4274
In base 6, what is -3 + 41?
34
In base 7, what is 1 + 122?
123
In base 2, what is 101 + 10111111?
11000100
In base 16, what is 22 + -16?
c
In base 8, what is 1 - -33?
34
In base 4, what is -100 - -10?
-30
In base 5, what is 110344 - -2?
110401
In base 10, what is -5 + 42?
37
In base 2, what is 101 + -1101101001?
-1101100100
In base 15, what is 1a - 36e?
-354
In base 10, what is 0 - -385?
385
In base 15, what is -181 - -2?
-17e
In base 9, what is -4 - -460?
455
In base 15, what is 272 + -14?
25d
In base 5, what is 3010 - -1?
3011
In base 11, what is -a6 - 1?
-a7
In base 9, what is 155 - -1?
156
In base 7, what is 3 - 21424?
-21421
In base 12, what is 5 + 941?
946
In base 14, what is -40 + 2a?
-14
In base 11, what is 8 - -22?
2a
In base 15, what is 1 + ce?
d0
In base 4, what is -20 - 11132?
-11212
In base 12, what is -4 + 26?
22
In base 5, what is -1 + 224?
223
In base 10, what is 7 - 786?
-779
In base 13, what is 1 + -c3?
-c2
In base 15, what is 0 + 9?
9
In base 5, what is 4 + 4?
13
In base 9, what is -3 + -3878?
-3882
In base 13, what is -886 - -14?
-872
In base 3, what is 110 + 120100?
120210
In base 7, what is -61 + -5?
-66
In base 7, what is 40 + 1440?
1510
In base 6, what is -43250 + -3?
-43253
In base 13, what is 1a1 + b?
1ac
In base 13, what is 7 + -119?
-112
In base 6, what is -21 + 0?
-21
In base 16, what is a0 - -4?
a4
In base 11, what is -1 + -4?
-5
In base 14, what is 2b5 - b?
2a8
In base 9, what is 3015 - 4?
3011
In base 11, what is -2 + -4198?
-419a
In base 2, what is -1000111 - 10011?
-1011010
In base 3, what is 1020120 - 1?
1020112
In base 11, what is 3 - -285?
288
In base 11, what is -17 + 26?
a
In base 6, what is 402 + -100?
302
In base 8, what is 1143 + 5?
1150
In base 12, what is -21 - -6b4?
693
In base 2, what is 111111110111 + 100?
111111111011
In base 2, what is 101111010 - -101?
101111111
In base 15, what is 61e - 3?
61b
In base 6, what is -4200 + 2?
-4154
In base 2, what is 1111010 - -10110?
10010000
In base 5, what is 2 - 221?
-214
In base 8, what is -5 + -1446?
-1453
In base 7, what is 3 - -156?
162
In base 13, what is -1391 + 5?
-1389
In base 16, what is 3 - -4?
7
In base 6, what is 0 + 133?
133
In base 11, what is -25a - -16?
-244
In base 12, what is -195 - 17?
-1b0
In base 7, what is 630 + -5?
622
In base 8, what is 0 + -35?
-35
In base 16, what is 12 + -19?
-7
In base 8, what is 0 - -2407?
2407
In base 12, what is -25 - -5?
-20
In base 16, what is e - -459?
467
In base 2, what is -1000 + 111010001?
111001001
In base 16, what is -10 - -48?
38
In base 15, what is 2 - aa?
-a8
In base 12, what is -3 + 356?
353
In base 7, what is -105 + -4?
-112
In base 9, what is -4 - -52?
47
In base 2, what is 110010011001 - 1?
110010011000
In base 12, what is 3 - 91?
-8a
In base 6, what is -2 + -34?
-40
In base 6, what is -1 - -4?
3
In base 5, what is -10 - -4404?
4344
In base 7, what is 26 - 21?
5
In base 6, what is 50 + 201?
251
In base 13, what is 3 - -63c?
642
In base 15, what is 0 - -11?
11
In base 4, what is 0 + 330013?
330013
In base 9, what is 20 + 2?
22
In base 9, what is 67 + -4?
63
In base 3, what is -1002 + 111020?
110011
In base 7, what is 3 + -3314?
-3311
In base 3, what is 1 + 2101?
2102
In base 8, what is 4 - -16637?
16643
In base 16, what is 4 - 6b8?
-6b4
In base 6, what is -3 + 551?
544
In base 2, what is 110001 - 11?
101110
In base 16, what is 17 + 38?
4f
In base 13, what is 103 + 19?
11c
In base 12, what is 5b8a + 4?
5b92
In base 2, what is 10 - -101111?
110001
In base 13, what is -33 - 37?
-6a
In base 4, what is 1103 - -121?
1230
In base 4, what is -33 - 320?
-1013
In base 11, what is 4 - 206?
-202
In base 5, what is 1 - 140?
-134
In base 12, what is 116 + -1?
115
In base 7, what is -2446 - 2?
-2451
In base 5, what is 4 - 14120?
-14111
In base 11, what is -6 + -68?
-73
In base 15, what is 11 - -126?
137
In base 2, what is -10110 + -101010?
-1000000
In base 16, what is 2 + -1bf?
-1bd
In base 11, what is -1a - -14?
-6
In base 2, what is -10001011001010 + -1?
-10001011001011
In base 11, what is 171 - -2?
173
In base 15, what is 490 - -5?
495
In base 12, what is -38 - 2?
-3a
In base 3, what is -21222022 + -12?
-21222111
In base 13, what is 171 + 1?
172
In base 7, what is -6 + -66?
-105
In base 5, what is 3 